7
List the prime factors of 97610974.
2, 17, 2870911
List the prime factors of 370659531.
3, 11, 47, 353, 677
List the prime factors of 38325558.
2, 3, 283, 22571
What are the prime factors of 132234911?
132234911
List the prime factors of 3747643569.
3, 416404841
What are the prime factors of 188925011?
11, 281, 61121
What are the prime factors of 18778238?
2, 241, 38959
What are the prime factors of 4665774?
2, 3, 37, 21017
List the prime factors of 509900907.
3, 17, 588121
What are the prime factors of 9226142?
2, 4613071
What are the prime factors of 13549041?
3, 11, 136859
List the prime factors of 15678230.
2, 5, 19, 43, 101
List the prime factors of 425554980.
2, 3, 5, 31, 228793
List the prime factors of 547232265.
3, 5, 12160717
What are the prime factors of 51476805?
3, 5, 37, 43, 719
What are the prime factors of 1106125454?
2, 7, 881, 89681
What are the prime factors of 688413776?
2, 17, 19, 31, 4297
What are the prime factors of 5986592637?
3, 19, 37, 2838593
What are the prime factors of 3687700427?
163, 22623929
What are the prime factors of 44354913?
3, 1907, 7753
What are the prime factors of 868086303?
3, 7, 61, 131, 739
List the prime factors of 1511878639.
22691, 66629
List the prime factors of 90175512.
2, 3, 7, 37, 89, 163
List the prime factors of 64432959.
3, 23, 933811
List the prime factors of 365823590.
2, 5, 11, 397, 8377
What are the prime factors of 368531931?
3, 101, 1216277
What are the prime factors of 74647544?
2, 17, 83, 389
What are the prime factors of 2378196851?
47, 50599933
What are the prime factors of 125750374?
2, 62875187
List the prime factors of 1318839074.
2, 7, 94202791
What are the prime factors of 433164223?
19, 2153, 10589
List the prime factors of 222484576.
2, 17, 408979
What are the prime factors of 6728231?
6728231
List the prime factors of 52961002.
2, 4423, 5987
What are the prime factors of 276293901?
3, 13, 7084459
List the prime factors of 385315895.
5, 23, 29, 31, 3727
What are the prime factors of 998474348?
2, 2273, 109819
List the prime factors of 17687291.
1279, 13829
What are the prime factors of 3562240206?
2, 3, 7, 84815243
List the prime factors of 1329027177.
3, 41, 211, 1249
List the prime factors of 10155585.
3, 5, 11, 61, 1009
What are the prime factors of 183805156?
2, 17, 47, 199
List the prime factors of 61007011.
13, 4692847
What are the prime factors of 526874268?
2, 3, 17, 173, 14929
What are the prime factors of 670515911?
13, 6163, 8369
What are the prime factors of 1043558652?
2, 3, 73, 1191277
What are the prime factors of 305733963?
3, 23, 383, 503
What are the prime factors of 247347895?
5, 6143, 8053
What are the prime factors of 1074624934?
2, 877, 612671
List the prime factors of 103071443.
1907, 54049
What are the prime factors of 105947488?
2, 3310859
List the prime factors of 30772304.
2, 41, 61, 769
What are the prime factors of 116272694?
2, 2609, 22283
List the prime factors of 256818615.
3, 5, 17121241
List the prime factors of 594943149.
3, 29, 1291, 5297
What are the prime factors of 101443687?
31, 3272377
List the prime factors of 2184633.
3, 11, 22067
List the prime factors of 3870377984.
2, 11, 171803
List the prime factors of 522734751.
3, 7, 11, 17, 44371
What are the prime factors of 180762347?
181, 998687
What are the prime factors of 288779701?
7, 43, 349, 2749
What are the prime factors of 32058207?
3, 1187341
What are the prime factors of 379285568?
2, 5926337
What are the prime factors of 2460009251?
7, 351429893
List the prime factors of 118105459.
73, 1617883
What are the prime factors of 213980796?
2, 3, 479, 12409
List the prime factors of 1316636753.
1316636753
What are the prime factors of 1341120052?
2, 197, 1103, 1543
List the prime factors of 863383500.
2, 3, 5, 7, 27409
List the prime factors of 100126308.
2, 3, 8343859
What are the prime factors of 821261091?
3, 7, 601, 65071
What are the prime factors of 266791768?
2, 19, 1755209
What are the prime factors of 287238471?
3, 13, 587, 12547
List the prime factors of 1546237022.
2, 11, 29, 2423569
List the prime factors of 3634350069.
3, 7, 31, 1831, 3049
What are the prime factors of 234580?
2, 5, 37, 317
What are the prime factors of 1615003678?
2, 29, 27844891
List the prime factors of 23849139.
3, 2557, 3109
What are the prime factors of 824846355?
3, 5, 23, 421, 631
What are the prime factors of 749733402?
2, 3, 11, 2789, 4073
What are the prime factors of 740674535?
5, 8597, 17231
What are the prime factors of 804737217?
3, 41, 43, 71, 2143
What are the prime factors of 462228671?
103, 1249, 3593
List the prime factors of 22800290.
2, 5, 2280029
What are the prime factors of 310027333?
7, 11, 4026329
List the prime factors of 1077607807.
107, 10071101
List the prime factors of 56685563.
11, 269, 19157
List the prime factors of 23909967.
3, 2656663
What are the prime factors of 269572681?
7, 53, 726611
List the prime factors of 1703211685.
5, 7, 48663191
List the prime factors of 235607207.
11, 53, 36739
What are the prime factors of 353588496?
2, 3, 2287, 3221
List the prime factors of 350431932.
2, 3, 2143, 13627
List the prime factors of 3803971865.
5, 12689, 59957
What are the prime factors of 46234165?
5, 89, 107, 971
List the prime factors of 5400359198.
2, 13, 23, 37, 41, 5953
List the prime factors of 1123950819.
3, 859, 436147
List the prime factors of 679026269.
313, 421, 5153
List the prime factors of 63670680.
2, 3, 5, 149, 1187
List the prime factors of 25332554.
2, 13, 974329
What are the prime factors of 132220080?
2, 3, 5, 41, 1493
What are the prime factors of 55632138?
2, 3, 137, 67679
List the prime factors of 24453409.
29, 97, 8693
What are the prime factors of 1084054014?
2, 3, 2549, 23627
List the prime factors of 31151768.
2, 3893971
List the prime factors of 166374948.
2, 3, 79, 223, 787
What are the prime factors of 1265411363?
127, 181, 55049
List the prime factors of 92152174.
2, 41, 1123807
What are the prime factors of 409069164?
2, 3, 7, 17, 19, 15077
List the prime factors of 237916363.
237916363
What are the prime factors of 384915521?
29, 53, 250433
What are the prime factors of 528939872?
2, 16529371
What are the prime factors of 139711033?
7, 11, 1814429
What are the prime factors of 40958084?
2, 61, 167861
List the prime factors of 36269173.
97, 373909
What are the prime factors of 178257181?
178257181
What are the prime factors of 7957241?
17, 23, 47, 433
What are the prime factors of 2246446717?
2246446717
What are the prime factors of 389455456?
2, 13, 67, 89, 157
List the prime factors of 404089816.
2, 13, 83, 277
What are the prime factors of 4532981650?
2, 5, 1933, 46901
List the prime factors of 1611692276.
2, 17, 23701357
List the prime factors of 183812253.
3, 47, 1303633
What are the prime factors of 350824372?
2, 41, 233, 9181
List the prime factors of 3601472966.
2, 7, 13, 19788313
What are the prime factors of 83051603?
19, 4371137
List the prime factors of 4782147496.
2, 7, 8941, 9551
What are the prime factors of 432826120?
2, 5, 17, 487, 1307
List the prime factors of 180327330.
2, 3, 5, 17, 2311
List the prime factors of 15514891.
7, 2216413
What are the prime factors of 996034010?
2, 5, 99603401
List the prime factors of 393287447.
7, 409, 137369
What are the prime factors of 1173934039?
37, 31727947
What are the prime factors of 775758804?
2, 3, 64646567
What are the prime factors of 8462234195?
5, 1692446839
List the prime factors of 1651222797.
3, 7, 19, 109, 37967
List the prime factors of 625148067.
3, 208382689
List the prime factors of 87016859.
37, 257, 9151
What are the prime factors of 2253132887?
59, 38188693
What are the prime factors of 652928268?
2, 3, 6659, 8171
List the prime factors of 4516271175.
3, 5, 13, 4632073
What are the prime factors of 18128557?
37, 489961
What are the prime factors of 3800852251?
7, 542978893
What are the prime factors of 114303240?
2, 3, 5, 17, 19, 983
List the prime factors of 37377748.
2, 9344437
List the prime factors of 2597284507.
1123, 2312809
What are the prime factors of 15730836?
2, 3, 11, 119173
List the prime factors of 1759501009.
7, 59, 4260293
What are the prime factors of 34778145?
3, 5, 2318543
List the prime factors of 43569952.
2, 409, 3329
List the prime